{"id":1225,"date":"2026-01-28T14:57:16","date_gmt":"2026-01-28T13:57:16","guid":{"rendered":"https:\/\/www.eichendorffschule-gs-wolfsburg.de\/?page_id=1225"},"modified":"2026-04-27T09:08:28","modified_gmt":"2026-04-27T07:08:28","slug":"schulgebaeude","status":"publish","type":"page","link":"https:\/\/www.eichendorffschule-gs-wolfsburg.de\/index.php\/schulgebaeude\/","title":{"rendered":"Schulgeb\u00e4ude und Schulhof"},"content":{"rendered":"\n<p>Das Schulgrundst\u00fcck der Eichendorff Grundschule liegt am Rande des Stadtteils Rabenberg.<\/p>\n\n\n\n<p>Dabei handelt es sich um ein sehr gro\u00dfes Grundst\u00fcck in absolut ruhiger Waldrandlage. Auf dem Grundst\u00fcck befinden sich die Schulgeb\u00e4ude, verbunden durch Wandelg\u00e4nge im Pavillonstil. Aufgelockert wird diese Bauweise durch viele B\u00e4ume, Str\u00e4ucher und Rasenfl\u00e4chen. Es gibt Spielger\u00e4te (auch leihweise) und einen Bolz- und Fu\u00dfballplatz. Damit bietet die Schule den ca. 360 Sch\u00fclerinnen und Sch\u00fclern ein wundersch\u00f6nes Ambiente zum Lernen, Verweilen und Wohlf\u00fchlen.<\/p>\n\n\n\n<div class=\"wp-block-media-text is-stacked-on-mobile\"><figure class=\"wp-block-media-text__media\"><img loading=\"lazy\" decoding=\"async\" width=\"1024\" height=\"768\" src=\"https:\/\/www.eichendorffschule-gs-wolfsburg.de\/wp-content\/uploads\/2026\/04\/20260422_124347-1024x768.jpg\" alt=\"\" class=\"wp-image-1534 size-full\" srcset=\"https:\/\/www.eichendorffschule-gs-wolfsburg.de\/wp-content\/uploads\/2026\/04\/20260422_124347-1024x768.jpg 1024w, https:\/\/www.eichendorffschule-gs-wolfsburg.de\/wp-content\/uploads\/2026\/04\/20260422_124347-300x225.jpg 300w, https:\/\/www.eichendorffschule-gs-wolfsburg.de\/wp-content\/uploads\/2026\/04\/20260422_124347-200x150.jpg 200w, https:\/\/www.eichendorffschule-gs-wolfsburg.de\/wp-content\/uploads\/2026\/04\/20260422_124347-768x576.jpg 768w, https:\/\/www.eichendorffschule-gs-wolfsburg.de\/wp-content\/uploads\/2026\/04\/20260422_124347-1536x1152.jpg 1536w, https:\/\/www.eichendorffschule-gs-wolfsburg.de\/wp-content\/uploads\/2026\/04\/20260422_124347-2048x1536.jpg 2048w\" sizes=\"auto, (max-width: 1024px) 100vw, 1024px\" \/><\/figure><div class=\"wp-block-media-text__content\">\n<p>Blick auf den Spielplatz am hinteren Teil des Schulhofs.<\/p>\n<\/div><\/div>\n\n\n\n<div class=\"wp-block-media-text is-stacked-on-mobile\"><figure class=\"wp-block-media-text__media\"><img loading=\"lazy\" decoding=\"async\" width=\"1024\" height=\"768\" src=\"https:\/\/www.eichendorffschule-gs-wolfsburg.de\/wp-content\/uploads\/2026\/04\/20260422_124418-1024x768.jpg\" alt=\"\" class=\"wp-image-1536 size-full\" srcset=\"https:\/\/www.eichendorffschule-gs-wolfsburg.de\/wp-content\/uploads\/2026\/04\/20260422_124418-1024x768.jpg 1024w, https:\/\/www.eichendorffschule-gs-wolfsburg.de\/wp-content\/uploads\/2026\/04\/20260422_124418-300x225.jpg 300w, https:\/\/www.eichendorffschule-gs-wolfsburg.de\/wp-content\/uploads\/2026\/04\/20260422_124418-200x150.jpg 200w, https:\/\/www.eichendorffschule-gs-wolfsburg.de\/wp-content\/uploads\/2026\/04\/20260422_124418-768x576.jpg 768w, https:\/\/www.eichendorffschule-gs-wolfsburg.de\/wp-content\/uploads\/2026\/04\/20260422_124418-1536x1152.jpg 1536w, https:\/\/www.eichendorffschule-gs-wolfsburg.de\/wp-content\/uploads\/2026\/04\/20260422_124418-2048x1536.jpg 2048w\" sizes=\"auto, (max-width: 1024px) 100vw, 1024px\" \/><\/figure><div class=\"wp-block-media-text__content\">\n<p>Der Bolzplatz bietet ausreichend Platz f\u00fcr Fu\u00dfballbegeisterte Kinder, aber auch zum toben ist der Platz bestens geeignet.<\/p>\n<\/div><\/div>\n\n\n\n<div class=\"wp-block-media-text is-stacked-on-mobile\"><figure class=\"wp-block-media-text__media\"><img loading=\"lazy\" decoding=\"async\" width=\"768\" height=\"1024\" src=\"https:\/\/www.eichendorffschule-gs-wolfsburg.de\/wp-content\/uploads\/2026\/04\/20260422_124516-768x1024.jpg\" alt=\"\" class=\"wp-image-1537 size-full\" srcset=\"https:\/\/www.eichendorffschule-gs-wolfsburg.de\/wp-content\/uploads\/2026\/04\/20260422_124516-768x1024.jpg 768w, https:\/\/www.eichendorffschule-gs-wolfsburg.de\/wp-content\/uploads\/2026\/04\/20260422_124516-169x225.jpg 169w, https:\/\/www.eichendorffschule-gs-wolfsburg.de\/wp-content\/uploads\/2026\/04\/20260422_124516-1152x1536.jpg 1152w, https:\/\/www.eichendorffschule-gs-wolfsburg.de\/wp-content\/uploads\/2026\/04\/20260422_124516-1536x2048.jpg 1536w, https:\/\/www.eichendorffschule-gs-wolfsburg.de\/wp-content\/uploads\/2026\/04\/20260422_124516-scaled.jpg 1920w\" sizes=\"auto, (max-width: 768px) 100vw, 768px\" \/><\/figure><div class=\"wp-block-media-text__content\">\n<p>Schattige Sitzecken bieten Erholung bei sonnigen Tagen und erm\u00f6glichen auch Unterricht im Freien.<\/p>\n<\/div><\/div>\n\n\n\n<div class=\"wp-block-media-text is-stacked-on-mobile\"><figure class=\"wp-block-media-text__media\"><img loading=\"lazy\" decoding=\"async\" width=\"1024\" height=\"768\" src=\"https:\/\/www.eichendorffschule-gs-wolfsburg.de\/wp-content\/uploads\/2026\/04\/20260422_124643-1024x768.jpg\" alt=\"\" class=\"wp-image-1538 size-full\" srcset=\"https:\/\/www.eichendorffschule-gs-wolfsburg.de\/wp-content\/uploads\/2026\/04\/20260422_124643-1024x768.jpg 1024w, https:\/\/www.eichendorffschule-gs-wolfsburg.de\/wp-content\/uploads\/2026\/04\/20260422_124643-300x225.jpg 300w, https:\/\/www.eichendorffschule-gs-wolfsburg.de\/wp-content\/uploads\/2026\/04\/20260422_124643-200x150.jpg 200w, https:\/\/www.eichendorffschule-gs-wolfsburg.de\/wp-content\/uploads\/2026\/04\/20260422_124643-768x576.jpg 768w, https:\/\/www.eichendorffschule-gs-wolfsburg.de\/wp-content\/uploads\/2026\/04\/20260422_124643-1536x1152.jpg 1536w, https:\/\/www.eichendorffschule-gs-wolfsburg.de\/wp-content\/uploads\/2026\/04\/20260422_124643-2048x1536.jpg 2048w\" sizes=\"auto, (max-width: 1024px) 100vw, 1024px\" \/><\/figure><div class=\"wp-block-media-text__content\">\n<p>Der \u00fcberdachte Gang zum Musikraum ist sowohl Aufenhaltsort bei Regen, kann aber auch f\u00fcr Schulveranstaltungen genutzt werden.<\/p>\n<\/div><\/div>\n\n\n\n<div class=\"wp-block-media-text is-stacked-on-mobile\"><figure class=\"wp-block-media-text__media\"><img loading=\"lazy\" decoding=\"async\" width=\"1024\" height=\"768\" src=\"https:\/\/www.eichendorffschule-gs-wolfsburg.de\/wp-content\/uploads\/2026\/04\/20260422_124549-1024x768.jpg\" alt=\"\" class=\"wp-image-1539 size-full\" srcset=\"https:\/\/www.eichendorffschule-gs-wolfsburg.de\/wp-content\/uploads\/2026\/04\/20260422_124549-1024x768.jpg 1024w, https:\/\/www.eichendorffschule-gs-wolfsburg.de\/wp-content\/uploads\/2026\/04\/20260422_124549-300x225.jpg 300w, https:\/\/www.eichendorffschule-gs-wolfsburg.de\/wp-content\/uploads\/2026\/04\/20260422_124549-200x150.jpg 200w, https:\/\/www.eichendorffschule-gs-wolfsburg.de\/wp-content\/uploads\/2026\/04\/20260422_124549-768x576.jpg 768w, https:\/\/www.eichendorffschule-gs-wolfsburg.de\/wp-content\/uploads\/2026\/04\/20260422_124549-1536x1152.jpg 1536w, https:\/\/www.eichendorffschule-gs-wolfsburg.de\/wp-content\/uploads\/2026\/04\/20260422_124549-2048x1536.jpg 2048w\" sizes=\"auto, (max-width: 1024px) 100vw, 1024px\" \/><\/figure><div class=\"wp-block-media-text__content\">\n<p>Auch f\u00fcr andere Spielaktivit\u00e4ten ist gesorgt. Das besondere: alles immer im Gr\u00fcnen.<\/p>\n<\/div><\/div>\n\n\n\n<p><\/p>\n\n\n\n<p><strong>Sanierungsarbeiten<\/strong> (Stand 04.2026)<br>Ein ganzer Trakt mit acht Klassenzimmern und weitere Funktionsr\u00e4ume sind mit Schadstoffen belastet gewesen. Diese R\u00e4ume sind abgesperrt und werden seitdem NICHT genutzt. Die Schulleiterin hatte die Messungen beantragt, nachdem bekannt wurde, dass bundesweit sehr viele \u00f6ffentliche Geb\u00e4ude, also auch Schulen, belastet sind. Daher wissen wir nun f\u00fcr unsere Geb\u00e4ude mehr!<\/p>\n\n\n\n<p>Ma\u00dfnahmen:<br>An deren Stelle wurden auf dem weitl\u00e4ufigen Gel\u00e4nde durch die Stadt Wolfsburg als Schultr\u00e4ger 10 neue Unterrichtsr\u00e4ume in einem neuen Trakt zur Verf\u00fcgung gestellt, wof\u00fcr wir als Schule sehr dankbar sind. Diese wunderbaren R\u00e4ume sind umfangreich neu ausgestattet und stellen eine optimale Voraussetzung f\u00fcr erfolgreiches Lernen dar, weil sie nach neuesten Erkenntnissen sinnvoll eingerichtet worden sind. <strong>Somit k\u00f6nnen Sie als Eltern nicht nur ganz unbesorgt sein, sondern sogar davon ausgehen, dass wir unsere Verantwortung \u00e4u\u00dferst ernst nehmen!<\/strong><\/p>\n\n\n\n<div class=\"wp-block-columns is-layout-flex wp-container-core-columns-is-layout-9d6595d7 wp-block-columns-is-layout-flex\">\n<div class=\"wp-block-column is-layout-flow wp-block-column-is-layout-flow\" style=\"flex-basis:100%\">\n<div class=\"wp-block-group\"><div class=\"wp-block-group__inner-container is-layout-constrained wp-block-group-is-layout-constrained\">\n<div class=\"wp-block-media-text is-stacked-on-mobile\"><figure class=\"wp-block-media-text__media\"><img loading=\"lazy\" decoding=\"async\" width=\"1024\" height=\"768\" src=\"https:\/\/www.eichendorffschule-gs-wolfsburg.de\/wp-content\/uploads\/2026\/04\/20260414_131428-1-1024x768.jpg\" alt=\"\" class=\"wp-image-1452 size-full\" srcset=\"https:\/\/www.eichendorffschule-gs-wolfsburg.de\/wp-content\/uploads\/2026\/04\/20260414_131428-1-1024x768.jpg 1024w, https:\/\/www.eichendorffschule-gs-wolfsburg.de\/wp-content\/uploads\/2026\/04\/20260414_131428-1-300x225.jpg 300w, https:\/\/www.eichendorffschule-gs-wolfsburg.de\/wp-content\/uploads\/2026\/04\/20260414_131428-1-200x150.jpg 200w, https:\/\/www.eichendorffschule-gs-wolfsburg.de\/wp-content\/uploads\/2026\/04\/20260414_131428-1-768x576.jpg 768w, https:\/\/www.eichendorffschule-gs-wolfsburg.de\/wp-content\/uploads\/2026\/04\/20260414_131428-1-1536x1152.jpg 1536w, https:\/\/www.eichendorffschule-gs-wolfsburg.de\/wp-content\/uploads\/2026\/04\/20260414_131428-1-2048x1536.jpg 2048w\" sizes=\"auto, (max-width: 1024px) 100vw, 1024px\" \/><\/figure><div class=\"wp-block-media-text__content\">\n<p>Au\u00dfenansicht der neuen Mobilklassen.<\/p>\n<\/div><\/div>\n<\/div><\/div>\n<\/div>\n<\/div>\n\n\n\n<div class=\"wp-block-media-text is-stacked-on-mobile\"><figure class=\"wp-block-media-text__media\"><img loading=\"lazy\" decoding=\"async\" width=\"1024\" height=\"768\" src=\"https:\/\/www.eichendorffschule-gs-wolfsburg.de\/wp-content\/uploads\/2026\/04\/20260414_130845-2-1024x768.jpg\" alt=\"\" class=\"wp-image-1453 size-full\" srcset=\"https:\/\/www.eichendorffschule-gs-wolfsburg.de\/wp-content\/uploads\/2026\/04\/20260414_130845-2-1024x768.jpg 1024w, https:\/\/www.eichendorffschule-gs-wolfsburg.de\/wp-content\/uploads\/2026\/04\/20260414_130845-2-300x225.jpg 300w, https:\/\/www.eichendorffschule-gs-wolfsburg.de\/wp-content\/uploads\/2026\/04\/20260414_130845-2-200x150.jpg 200w, https:\/\/www.eichendorffschule-gs-wolfsburg.de\/wp-content\/uploads\/2026\/04\/20260414_130845-2-768x576.jpg 768w, https:\/\/www.eichendorffschule-gs-wolfsburg.de\/wp-content\/uploads\/2026\/04\/20260414_130845-2-1536x1152.jpg 1536w, https:\/\/www.eichendorffschule-gs-wolfsburg.de\/wp-content\/uploads\/2026\/04\/20260414_130845-2-2048x1536.jpg 2048w\" sizes=\"auto, (max-width: 1024px) 100vw, 1024px\" \/><\/figure><div class=\"wp-block-media-text__content\">\n<p>Die Mobilklassen wurden nach neustem Lernstand eingerichtet und bietet den Lehrkr\u00e4ften optimale und moderne Bedinungen, um Lerninhalte zu vermitteln.<\/p>\n<\/div><\/div>\n\n\n\n<div class=\"wp-block-group is-vertical is-layout-flex wp-container-core-group-is-layout-8cf370e7 wp-block-group-is-layout-flex\">\n<div class=\"wp-block-media-text is-stacked-on-mobile\"><figure class=\"wp-block-media-text__media\"><img loading=\"lazy\" decoding=\"async\" width=\"1024\" height=\"768\" src=\"https:\/\/www.eichendorffschule-gs-wolfsburg.de\/wp-content\/uploads\/2026\/04\/20260414_131351-1-1024x768.jpg\" alt=\"\" class=\"wp-image-1454 size-full\" srcset=\"https:\/\/www.eichendorffschule-gs-wolfsburg.de\/wp-content\/uploads\/2026\/04\/20260414_131351-1-1024x768.jpg 1024w, https:\/\/www.eichendorffschule-gs-wolfsburg.de\/wp-content\/uploads\/2026\/04\/20260414_131351-1-300x225.jpg 300w, https:\/\/www.eichendorffschule-gs-wolfsburg.de\/wp-content\/uploads\/2026\/04\/20260414_131351-1-200x150.jpg 200w, https:\/\/www.eichendorffschule-gs-wolfsburg.de\/wp-content\/uploads\/2026\/04\/20260414_131351-1-768x576.jpg 768w, https:\/\/www.eichendorffschule-gs-wolfsburg.de\/wp-content\/uploads\/2026\/04\/20260414_131351-1-1536x1152.jpg 1536w, https:\/\/www.eichendorffschule-gs-wolfsburg.de\/wp-content\/uploads\/2026\/04\/20260414_131351-1-2048x1536.jpg 2048w\" sizes=\"auto, (max-width: 1024px) 100vw, 1024px\" \/><\/figure><div class=\"wp-block-media-text__content\">\n<p><\/p>\n\n\n\n<p>F\u00fcr die Sch\u00fclerinnen und Sch\u00fcler wurden Lernecken eingerichtet, sodass der Unterricht indiviuell f\u00fcr sie angepasst werden kann. Auch an die Erholung wurde gedacht und die Kinder k\u00f6nnen w\u00e4hrend den kleinen Pausen in den Entspannungsecken zur Ruhe kommen.<\/p>\n<\/div><\/div>\n<\/div>\n\n\n\n<figure class=\"wp-block-gallery has-nested-images columns-default is-cropped wp-block-gallery-1 is-layout-flex wp-block-gallery-is-layout-flex\">\n<figure class=\"wp-block-image size-large\"><img loading=\"lazy\" decoding=\"async\" width=\"1024\" height=\"768\" data-id=\"1588\" src=\"https:\/\/www.eichendorffschule-gs-wolfsburg.de\/wp-content\/uploads\/2026\/04\/20260424_140821-1024x768.jpg\" alt=\"\" class=\"wp-image-1588\" srcset=\"https:\/\/www.eichendorffschule-gs-wolfsburg.de\/wp-content\/uploads\/2026\/04\/20260424_140821-1024x768.jpg 1024w, https:\/\/www.eichendorffschule-gs-wolfsburg.de\/wp-content\/uploads\/2026\/04\/20260424_140821-300x225.jpg 300w, https:\/\/www.eichendorffschule-gs-wolfsburg.de\/wp-content\/uploads\/2026\/04\/20260424_140821-200x150.jpg 200w, https:\/\/www.eichendorffschule-gs-wolfsburg.de\/wp-content\/uploads\/2026\/04\/20260424_140821-768x576.jpg 768w, https:\/\/www.eichendorffschule-gs-wolfsburg.de\/wp-content\/uploads\/2026\/04\/20260424_140821-1536x1152.jpg 1536w, https:\/\/www.eichendorffschule-gs-wolfsburg.de\/wp-content\/uploads\/2026\/04\/20260424_140821-2048x1536.jpg 2048w\" sizes=\"auto, (max-width: 1024px) 100vw, 1024px\" \/><\/figure>\n\n\n\n<figure class=\"wp-block-image size-large\"><img loading=\"lazy\" decoding=\"async\" width=\"1024\" height=\"768\" data-id=\"1587\" src=\"https:\/\/www.eichendorffschule-gs-wolfsburg.de\/wp-content\/uploads\/2026\/04\/20260424_140905-1-1024x768.jpg\" alt=\"\" class=\"wp-image-1587\" srcset=\"https:\/\/www.eichendorffschule-gs-wolfsburg.de\/wp-content\/uploads\/2026\/04\/20260424_140905-1-1024x768.jpg 1024w, https:\/\/www.eichendorffschule-gs-wolfsburg.de\/wp-content\/uploads\/2026\/04\/20260424_140905-1-300x225.jpg 300w, https:\/\/www.eichendorffschule-gs-wolfsburg.de\/wp-content\/uploads\/2026\/04\/20260424_140905-1-200x150.jpg 200w, https:\/\/www.eichendorffschule-gs-wolfsburg.de\/wp-content\/uploads\/2026\/04\/20260424_140905-1-768x576.jpg 768w, https:\/\/www.eichendorffschule-gs-wolfsburg.de\/wp-content\/uploads\/2026\/04\/20260424_140905-1-1536x1152.jpg 1536w, https:\/\/www.eichendorffschule-gs-wolfsburg.de\/wp-content\/uploads\/2026\/04\/20260424_140905-1-2048x1536.jpg 2048w\" sizes=\"auto, (max-width: 1024px) 100vw, 1024px\" \/><\/figure>\n<\/figure>\n\n\n\n<p>Auch der Werk- und Musikunterricht findet nun in den neuen Mobilklassen statt. Neue M\u00f6bel und Arbeitsmaterialien laden zum aktiven Mitmachen ein.<\/p>\n\n\n\n<p><\/p>\n\n\n\n<p>Parallel sollen in naher Zukunft die abgesperrten R\u00e4ume umfangreich saniert werden. Da wir \u00fcber ein wunderbar gro\u00dfes und naturnahes Grundst\u00fcck am Waldrand verf\u00fcgen, sind keinerlei Beeintr\u00e4chtigungen zu erwarten. Im Gegenteil, denn durch die Sanierung werden wir in naher Zukunft zu den neuen Klassenr\u00e4umen, die jetzt schon genutzt werden k\u00f6nnen, sehr attraktive weitere M\u00f6glichkeiten haben.<\/p>\n\n\n\n<p>Ebenfalls ist die Naturerkundungsstation &#8222;<a href=\"https:\/\/www.wolfsburg.de\/en\/umweltnaturschutz\/naturerkundungsstation-nest\">NEST<\/a>&#8220; bei uns untergebracht.<\/p>\n\n\n\n<p><\/p>\n","protected":false},"excerpt":{"rendered":"<p>Das Schulgrundst\u00fcck der Eichendorff Grundschule liegt am Rande des Stadtteils Rabenberg. Dabei handelt es sich um ein sehr gro\u00dfes Grundst\u00fcck in absolut ruhiger Waldrandlage. Auf dem Grundst\u00fcck befinden sich die Schulgeb\u00e4ude, verbunden durch Wandelg\u00e4nge im Pavillonstil. Aufgelockert wird diese Bauweise durch viele B\u00e4ume, Str\u00e4ucher und Rasenfl\u00e4chen. Es gibt Spielger\u00e4te (auch leihweise) und einen Bolz- und [&hellip;]<\/p>\n","protected":false},"author":1,"featured_media":0,"parent":0,"menu_order":0,"comment_status":"closed","ping_status":"closed","template":"","meta":{"footnotes":""},"class_list":["post-1225","page","type-page","status-publish","hentry"],"_links":{"self":[{"href":"https:\/\/www.eichendorffschule-gs-wolfsburg.de\/index.php\/wp-json\/wp\/v2\/pages\/1225","targetHints":{"allow":["GET"]}}],"collection":[{"href":"https:\/\/www.eichendorffschule-gs-wolfsburg.de\/index.php\/wp-json\/wp\/v2\/pages"}],"about":[{"href":"https:\/\/www.eichendorffschule-gs-wolfsburg.de\/index.php\/wp-json\/wp\/v2\/types\/page"}],"author":[{"embeddable":true,"href":"https:\/\/www.eichendorffschule-gs-wolfsburg.de\/index.php\/wp-json\/wp\/v2\/users\/1"}],"replies":[{"embeddable":true,"href":"https:\/\/www.eichendorffschule-gs-wolfsburg.de\/index.php\/wp-json\/wp\/v2\/comments?post=1225"}],"version-history":[{"count":15,"href":"https:\/\/www.eichendorffschule-gs-wolfsburg.de\/index.php\/wp-json\/wp\/v2\/pages\/1225\/revisions"}],"predecessor-version":[{"id":1591,"href":"https:\/\/www.eichendorffschule-gs-wolfsburg.de\/index.php\/wp-json\/wp\/v2\/pages\/1225\/revisions\/1591"}],"wp:attachment":[{"href":"https:\/\/www.eichendorffschule-gs-wolfsburg.de\/index.php\/wp-json\/wp\/v2\/media?parent=1225"}],"curies":[{"name":"wp","href":"https:\/\/api.w.org\/{rel}","templated":true}]}}